 63. Calculate the remainder when 126 is divided by m.
30
Let k = -42 + 59. Let q = k + -16. What is the remainder when 70 is divided by ((-3)/6)/(q/(-36))?
16
Let x = -580 + 774. Calculate the remainder when x is divided by 40.
34
Suppose -4*m + 62 = -3*x, 5*x + 38 = m + m. Suppose m = -s + 3*s. Suppose a = -1 + s. Calculate the remainder when a is divided by 2.
0
Suppose 3*z - 2*h + 6*h = 1, 4*h + 20 = 4*z. Suppose z*g = 8*g + s - 65, 4*g - 43 = s. Let f = -7 - -10. Calculate the remainder when g is divided by f.
0
Let q(n) = -5*n + 3. Let i be q(3). Let j = -76 + 114. What is the remainder when j is divided by (6/i)/(2/(-52))?
12
Let x = -1077 - -1120. What is the remainder when 513 is divided by x?
40
Let o(x) = -x**2 + 18*x - 54. Calculate the remainder when 128 is divided by o(10).
24
Let j = 42 + -26. Let w(g) = g**3 + 6*g**2 + 2*g - 4. What is the remainder when 12/j*(41 + -1) is divided by w(-5)?
8
Suppose 3*f - 3*o - 81 = 0, 5*f + 4*o - 140 = f. What is the remainder when f is divided by 30?
1
Let y(q) = -4*q + 3*q**2 + 3*q + 8*q + 20. Calculate the remainder when y(-6) is divided by 22.
20
Let w be 1 - 5 - 186/6. What is the remainder when 34 is divided by (-3)/(-7) + (1620/w)/(-4)?
10
Let k = 743 - 720. Calculate the remainder when 47 is divided by k.
1
Suppose 0 = 4*b - 8*b + 20. Suppose -8*z - 174 = -4*k - 3*z, -b*k + 222 = -4*z. What is the remainder when k is divided by 12?
10
Let y be 2/8 + 371/4. Suppose -y + 21 = -6*o. What is the remainder when 23 is divided by o?
11
Let d(q) = q**2 + 15*q + 43. Calculate the remainder when 12 is divided by d(-12).
5
Let m(j) = 30*j**2 + 8*j + 6. What is the remainder when m(-2) is divided by 4?
2
Let y(h) = h**2 - 5*h - 63. Calculate the remainder when y(-15) is divided by 227.
10
Suppose -191*b + 192*b - 13 = 0. Calculate the remainder when 243 is divided by b.
9
Let r = 957 + -308. Calculate the remainder when r is divided by 25.
24
Suppose -4*n = 5*z - 71 + 6, -2*n - z = -37. Let i = 37 - n. Calculate the remainder when 62 is divided by i.
11
Let z be (-2)/(-10) + (-203)/(-35). Suppose -4*j + 6 = -z, -2*a + 4*j = -242. What is the remainder when a is divided by 43?
41
Let m(o) = -9*o - 46. Let u be m(-10). Suppose 5*y + 1 = -4, -3*x = -5*y - u. What is the remainder when 14 is divided by x?
1
Let x = -188 - -94. Let p be 3 + 4/((-8)/x). Let w = p + -29. What is the remainder when w is divided by 6?
3
Suppose 34*a + 7 = k + 33*a, 0 = -2*k + a + 10. Suppose 6*u - 28 = 2*u - 4*d, -11 = -5*u + 3*d. What is the remainder when u is divided by k?
1
Suppose 53*u = -u + 2484. What is the remainder when u is divided by 41?
5
Let l = -141 - -142. Calculate the remainder when l is divided by 1.
0
Let o = 0 + 124. What is the remainder when o is divided by 7?
5
Let n(d) be the second derivative of -11*d**3/6 + d**2/2 - 17*d. What is the remainder when n(-3) is divided by 6?
4
Suppose -8 = -4*p + g, -p - 10 = p + 3*g. Suppose j - 3 = p. Suppose 7*o - 12 = j*o. Calculate the remainder when 7 is divided by o.
3
Let d = 93 + -75. Suppose 0*p - n = -p + d, -p + 6 = -5*n. What is the remainder when 83 is divided by p?
20
Let a = -31 - -34. Suppose -11 = -a*c + 31. Calculate the remainder when 81 is divided by c.
11
Suppose 5 = k - 20. Suppose -k + 0 = -o. What is the remainder when o is divided by 7?
4
Let t(l) = l**3 - 35*l**2 - 3 - 4*l + l + 37*l**2. Suppose 20 = 4*d - 28. What is the remainder when t(3) is divided by d?
9
Let z = -10 + 20. Suppose -2*k + 30 = t, 40*t - 45*t = 5*k - 150. What is the remainder when t is divided by (-1 - -5)/(-2) + z?
6
Let m(j) = -j**3 - 3*j**2 + 2*j + 10. Let q be m(-3). Suppose 2*k + 159 = 4*o - 3*k, -o - q*k = -66. What is the remainder when o is divided by 7?
4
Let m(g) = 5*g**2 - 1. Suppose 5*s - 5*y - 90 = 0, 3*s + 5*y = 39 - 33. What is the remainder when s is divided by m(1)?
0
Let l = -660 - -680. Let k(y) = -y + 77. Calculate the remainder when k(0) is divided by l.
17
Suppose -2*i - 169 + 197 = 0. Suppose 4*r - 36 = 5*b, -b + 4*r = -r + 24. Let t(g) = -7*g - 1. Calculate the remainder when t(b) is divided by i.
13
Let i(b) = -b**3 - 4*b**2 + 9*b - 14. Let a be 10*(2 - 3) + 4. What is the remainder when 7 is divided by i(a)?
3
What is the remainder when 48 is divided by (-43 - -35)*((-13)/(-8) - 2)?
0
Suppose -35472 = -17*s - 7*s. Calculate the remainder when s is divided by 40.
38
Let s be ((-591)/6 - 2)*(-16)/3. Suppose -6*f - 2*f = -s. Suppose 0 = -k - k + 34. What is the remainder when f is divided by k?
16
Let j(o) = o**2 + 7*o - 6. Suppose q + 20 = 10. What is the remainder when j(q) is divided by (-1)/((-28)/26 + 1)?
11
Let i = 106 - 73. Let m(l) = -l**3 + 4*l**2 - l - 2. Let t be m(3). Suppose 0 = t*n + n - 85. Calculate the remainder when i is divided by n.
16
Let r(n) = n**2 - 8*n - 73. Calculate the remainder when 76 is divided by r(-6).
10
Let b = -4 - -8. Suppose j - 16 = 4*y, -5*j + 9 + 20 = -3*y. Suppose -j*f + 52 = -4*n, 5*f - n - 31 = 26. What is the remainder when f is divided by b?
3
Let h = -59 + 61. Calculate the remainder when 35 is divided by (h - -1)/((-1)/(-4)).
11
Suppose -60*n = -55*n + 585. Let x = n - -129. Calculate the remainder when 93 is divided by x.
9
Let p = 82 + -52. Let u = p - -29. What is the remainder when u is divided by 16?
11
Let p = 87 - -70. What is the remainder when p is divided by 16?
13
Suppose -4*t = -299 - 25. Let n(w) = -25*w + 121. What is the remainder when t is divided by n(4)?
18
Suppose -14 - 2 = 2*n. Let g(x) = -x - 14. Let k be g(n). Let z = k + 24. What is the remainder when z is divided by 10?
8
What is the remainder when 290 is divided by ((-518)/(-28))/((-3)/(-12))?
68
Suppose 0*k + 2*k - 4*t - 10 = 0, -2 = k + 5*t. Calculate the remainder when 3 is divided by k.
0
Let k(a) = a + 16. Let n be k(-15). Calculate the remainder when (n - -4)*(-65)/(-25) is divided by 4.
1
Suppose 24*p = 644 + 772. What is the remainder when p is divided by 30?
29
Suppose 0 = -5*b + 108 + 22. Let r = 41 - b. What is the remainder when 56 is divided by r?
11
Let v = 8 - -2. Suppose -p + 16 = -v. What is the remainder when 75 is divided by p?
23
Let j(l) be the third derivative of l**6/120 - 7*l**5/30 + 13*l**4/24 + 2*l**3/3 - 11*l**2. What is the remainder when j(13) is divided by 3?
1
Calculate the remainder when 479 is divided by ((-420)/(-21))/(20/48).
47
Suppose 0 = -5*z + 9 - 9. Suppose -4*r + 91 + 29 = z. Calculate the remainder when 85 is divided by r.
25
Let c = 201 + -13. Let o = c - 111. Calculate the remainder when o is divided by 16.
13
Suppose -5*p = -4*p - f - 38, -196 = -5*p + 3*f. Suppose 0*h = -3*h + 2*v + p, -h + 12 = -v. What is the remainder when h is divided by 2?
1
Let y = -161 - -269. Calculate the remainder when y is divided by (-6)/2*532/(-57).
24
Suppose 0 = -2*q - 2 + 16. What is the remainder when 6/((-4)/26 - (-176)/468) is divided by q?
6
Let q be (-10)/15 - (-224)/3. Suppose -q = -4*i + 2*i + 2*l, i + 2*l = 37. Let t = i + -17. Calculate the remainder when t is divided by 8.
4
Suppose -2*x - 2*x = 5*f - 4, -3*x - 12 = 0. Suppose 3*k - 154 = f*z, -4*k + 218 = 2*z - z. Calculate the remainder when k is divided by 11.
10
Let y(d) = -7*d**3 + 4*d. Calculate the remainder when 380 is divided by y(-2).
44
Let w(b) = 8*b + 3*b - b**3 - 7*b + 6*b**2 + 2. Let o(m) = -m + 6. Calculate the remainder when w(4) is divided by o(-7).
11
Suppose -13*p + 98 = p. Let f(j) = 3*j**2 - 16*j + 15. What is the remainder when f(p) is divided by (-63)/(-5) - 4/(-10)?
11
Let y = 57 - 106. Suppose 5*t - 436 = 3*h - h, 4*h - 360 = -4*t. Let c = y + t. Calculate the remainder when c is divided by 20.
19
What is the remainder when 232 is divided by -1 - -55 - (-6 - -1)?
55
Calculate the remainder when (1/(10/132))/((-171)/(-2280)) is divided by 37.
28
Let t = 23 - 30. Let g(v) = -v**3 - 6*v**2 + 4*v - 7. What is the remainder when g(t) is divided by 6?
2
Let g(s) = 2*s**2 + 5*s - 1. Suppose 5*k + 11 - 36 = 0. What is the remainder when g(-5) is divided by k?
4
Let x be 1/(2/(-156))*3/(-9). Calculate the remainder when 13 is divided by (-4)/x + 0 + 41/13.
1
Suppose -2*s - 7*s = -27. Suppose 2*l - 72 = 2*u + 28, s*u + 58 = l. Calculate the remainder when l is divided by 8.
6
Let u(n) = -n**2 + 20*n + 30. Let k be u(2